he highest common divisor of 102 and 54179?
17
What is the greatest common factor of 491 and 29643143?
491
What is the greatest common divisor of 28577 and 861?
41
Calculate the highest common divisor of 36 and 207162.
18
Calculate the greatest common factor of 276 and 23023.
23
Calculate the greatest common factor of 5520 and 575.
115
What is the greatest common divisor of 94 and 511078?
94
What is the greatest common factor of 37126 and 38?
38
Calculate the highest common factor of 50749 and 3439.
19
What is the greatest common factor of 258015 and 6680?
835
What is the highest common divisor of 20038 and 12582?
466
Calculate the greatest common factor of 60 and 16040.
20
Calculate the highest common factor of 435598 and 5629.
433
Calculate the highest common divisor of 374696 and 84.
28
What is the greatest common divisor of 24 and 2270220?
12
What is the highest common factor of 708 and 109563?
177
What is the highest common factor of 358550 and 3232?
202
Calculate the greatest common divisor of 790687 and 323.
17
Calculate the greatest common divisor of 1461967 and 65.
13
Calculate the highest common divisor of 3236820 and 2920.
1460
Calculate the greatest common divisor of 459439 and 38.
19
What is the greatest common divisor of 2786 and 3346?
14
Calculate the greatest common divisor of 1738791 and 387.
387
What is the highest common divisor of 2100 and 50610?
210
Calculate the highest common divisor of 1150 and 40135.
115
What is the highest common factor of 4428 and 57318?
246
Calculate the highest common divisor of 45 and 97625.
5
Calculate the highest common divisor of 423900 and 2160.
540
What is the highest common divisor of 3340 and 399965?
835
What is the highest common factor of 341155 and 11360?
355
What is the highest common divisor of 295969 and 172?
43
Calculate the highest common divisor of 42444 and 2096.
524
What is the greatest common factor of 2792 and 3141?
349
What is the greatest common divisor of 38 and 647102?
38
What is the greatest common divisor of 3718546 and 68?
34
Calculate the highest common divisor of 180 and 63855.
45
Calculate the greatest common factor of 621910 and 70.
10
What is the greatest common factor of 80352 and 9?
9
Calculate the highest common factor of 1229229 and 859.
859
Calculate the highest common factor of 1335 and 2850.
15
Calculate the highest common divisor of 27808 and 1408.
352
What is the highest common factor of 144 and 307728?
144
Calculate the highest common divisor of 1600 and 8400.
400
What is the greatest common divisor of 12090730 and 5?
5
Calculate the greatest common factor of 1750 and 17290.
70
Calculate the greatest common factor of 116276 and 328.
164
What is the highest common factor of 1817 and 34247?
23
Calculate the greatest common factor of 760288 and 115.
23
What is the greatest common divisor of 3942810 and 405?
135
Calculate the highest common divisor of 19775 and 2275.
175
What is the greatest common divisor of 8483 and 289?
17
Calculate the highest common factor of 456 and 1200648.
456
Calculate the greatest common factor of 188099 and 79.
79
What is the highest common factor of 65274 and 462?
66
Calculate the highest common factor of 8060 and 466860.
620
Calculate the greatest common divisor of 31311 and 1278.
639
What is the highest common divisor of 1692 and 226540?
188
Calculate the highest common factor of 1946 and 350.
14
Calculate the greatest common divisor of 1136790 and 3366.
306
Calculate the greatest common divisor of 140 and 415730.
70
What is the greatest common factor of 43 and 193113?
43
Calculate the greatest common divisor of 1579 and 5733349.
1579
What is the greatest common factor of 17727 and 228?
57
Calculate the highest common divisor of 593 and 41510.
593
Calculate the greatest common factor of 75370 and 25.
5
Calculate the greatest common divisor of 1151247 and 465.
93
Calculate the highest common factor of 7725 and 45800.
25
What is the greatest common factor of 398 and 3781?
199
Calculate the greatest common factor of 1413 and 1256.
157
What is the highest common factor of 63 and 2150127?
63
Calculate the highest common divisor of 210081 and 8497.
293
What is the greatest common divisor of 5675 and 228589?
227
Calculate the greatest common factor of 810 and 11212425.
405
What is the greatest common divisor of 13135 and 3515?
185
What is the greatest common factor of 160510 and 105?
35
What is the greatest common factor of 8600 and 5400?
200
Calculate the greatest common factor of 136002 and 16986.
114
Calculate the greatest common divisor of 4964 and 1292.
68
Calculate the highest common factor of 162 and 1817721.
81
Calculate the highest common divisor of 197384 and 176.
88
What is the greatest common factor of 840 and 2237760?
840
Calculate the greatest common divisor of 1620 and 290790.
810
Calculate the greatest common divisor of 4221 and 3339.
63
Calculate the greatest common divisor of 9000 and 10944.
72
Calculate the greatest common divisor of 3850 and 50930.
110
What is the highest common factor of 2303 and 53753?
49
What is the greatest common divisor of 4508 and 4025?
161
What is the greatest common divisor of 16248 and 332?
4
Calculate the greatest common divisor of 33 and 63239.
11
What is the greatest common divisor of 973080 and 20?
20
What is the greatest common divisor of 207 and 10373?
23
Calculate the highest common divisor of 5100 and 854400.
300
Calculate the highest common divisor of 1441 and 44.
11
Calculate the highest common factor of 77784 and 70.
14
What is the greatest common factor of 33 and 1979505?
33
Calculate the greatest common factor of 84404 and 8.
4
What is the highest common factor of 112500 and 144?
36
What is the highest common divisor of 262575 and 1080?
135
Calculate the greatest common divisor of 72 and 76959.
9
What is the highest common factor of 45 and 1106685?
45
Calculate the greatest common divisor of 290528 and 16.
16
Calculate the greatest common divisor of 318827 and 16114.
1151
What is the highest common divisor of 2660478 and 30?
6
Calculate the greatest common divisor of 18312 and 336.
168
Calculate the greatest common divisor of 508299 and 132.
33
Calculate the greatest common divisor of 424388 and 136.
68
What is the highest common divisor of 60 and 95610?
30
What is the greatest common divisor of 244770 and 115?
5
What is the highest common divisor of 10440 and 10005?
435
Calculate the greatest common factor of 48521 and 121.
121
Calculate the highest common divisor of 61035 and 507.
39
Calculate the highest common divisor of 140019 and 165.
33
What is the highest common divisor of 261 and 208191?
87
What is the greatest common divisor of 11797 and 13554?
251
Calculate the greatest common divisor of 1328 and 8252.
4
Calculate the greatest common divisor of 119 and 109067.
7
Calculate the greatest common divisor of 39936 and 36192.
1248
What is the highest common divisor of 28636 and 116?
4
Calculate the greatest common factor of 70105 and 20.
5
What is the highest common factor of 84224 and 470?
94
Calculate the greatest common divisor of 25228 and 448.
28
What is the highest common divisor of 432 and 118416?
48
Calculate the greatest common factor of 4224 and 26928.
528
What is the greatest common divisor of 29066 and 16?
2
What is the highest common factor of 5910 and 210?
30
What is the highest common divisor of 192 and 3888?
48
Calculate the greatest common factor of 10088 and 253461.
1261
Calculate the highest common factor of 420 and 3260.
20
What is the greatest common factor of 646 and 46546?
34
Calculate the highest common factor of 3289 and 166543.
299
Calculate the greatest common divisor of 3234 and 287630.
98
Calculate the highest common factor of 1628047 and 674.
337
What is the greatest common factor of 1612 and 113243?
403
What is the highest common factor of 2296 and 118736?
328
What is the greatest common divisor of 33 and 120131?
11
What is the highest common divisor of 935 and 61965?
85
What is the greatest common factor of 250 and 6552250?
250
Calculate the greatest common factor of 262912 and 52.
52
What is the greatest common factor of 89572 and 84?
28
What is the greatest common divisor of 288 and 13664?
32
What is the greatest common divisor of 1152